factors of u?
23
Suppose -4*p - 16*u + 2585 = -21*u, -3*u + 1287 = 2*p. List the prime factors of p.
3, 5, 43
Let g(j) be the third derivative of -7*j**4/12 + j**3/2 + 16*j**2. What are the prime factors of g(-3)?
3, 5
Let y(t) = 10*t**2 - 31*t - 46. What are the prime factors of y(-12)?
2, 883
Suppose -4*b + 13*b = 18. List the prime factors of (b - 0)/((-2)/(-44)).
2, 11
Let l(m) be the first derivative of m**3/3 + 2*m**2 + 2. Let n be l(-5). Suppose 68 + 67 = n*c. List the prime factors of c.
3
Suppose 4*c - 10 + 2 = 0. List the prime factors of -3*((-352)/12)/c.
2, 11
Let s(x) = 75*x**2 + 2*x - 67. List the prime factors of s(-7).
2, 3, 599
Let h(x) = -2*x**3 - 58*x**2 + 56*x - 18. List the prime factors of h(-30).
2, 3, 17
Let s be 6*(6/4)/1. Suppose 40*a - 147 = 19*a. Suppose a = u - s. List the prime factors of u.
2
Let z(y) = -y + 5. Let f be z(0). Suppose -4*d + f + 15 = 0. List the prime factors of d.
5
Suppose -5*i - 2*p + 156 = 0, 0 = -4*i + 3*p + 133 + 1. Suppose -c = c - i. Suppose -3*r - 5*d + 44 = -38, r - 4*d = c. What are the prime factors of r?
2, 3
Suppose -119 = -2*w + 85. Suppose 4*p - 130 = w. What are the prime factors of p?
2, 29
Suppose 7172 = 16*z - 924. What are the prime factors of z?
2, 11, 23
What are the prime factors of (10 - 11)/(-1 + 6884/6888)?
2, 3, 7, 41
Let x be (-2 - (1 + 0))/(-1)*1. Suppose 0 = -0*u - x*u + 366. What are the prime factors of u?
2, 61
Suppose 2*r = 0, -f - f + 5*r - 16 = 0. Suppose -5*v = -81 - 239. What are the prime factors of (-34)/f + 48/v?
5
Let p(d) = 6*d. Let k be p(2). Suppose k*s - 25 = 7*s. Suppose 0 = -4*n - 4*g + 308 - 92, -5*n + s*g + 290 = 0. What are the prime factors of n?
2, 7
Suppose 0 = -4*p + 4*k + 9808, -3*p + 4*p + 2*k = 2443. What are the prime factors of p?
31, 79
Suppose 15 = 25*q - 20*q. Suppose -3 = 3*v, 4*v + 7 = -2*k + q*k. What are the prime factors of k?
3
Suppose 11*u + 12 = 9*u. Let j = -4 - u. Suppose j*t - 80 = 2*f, -2*f + 5*f - 184 = -5*t. List the prime factors of t.
2, 19
Let s = 100 + -37. What are the prime factors of s + (4 - 4)/(-4)?
3, 7
Let j = 24 - -1. Let z = 30 - j. Suppose 4*h = i - 0*h - 7, 3*i - z*h - 56 = 0. List the prime factors of i.
3
Let u = 250 - 56. Suppose -3*a = 2*z - 286, 2*a - z - u = z. Let s = -66 + a. What are the prime factors of s?
2, 3, 5
What are the prime factors of 41373/25 + (-122)/(-1525)?
5, 331
Suppose 4*g - 6*g = -4. Suppose 24 = 5*z + g*h - 2, 5*h = -z + 19. Suppose 0 = -z*a + 5 + 3. What are the prime factors of a?
2
Let i = -1 + 17. Suppose -7*h = -4*h. Suppose h*r = -r + i. List the prime factors of r.
2
Let n(l) = l**2 + l. Let r(w) = w**3 - 3*w**2 - 5*w - 3. Let i(j) = n(j) - r(j). Suppose -4*c + 25 = c. List the prime factors of i(c).
2
Suppose 4*k - g - 4*g - 657 = 0, 5*k + 4*g - 811 = 0. Let r = k - 104. What are the prime factors of r?
59
Let n be (66/(-9))/(1/3). Let q be n/99 + 1379/9. Suppose 4*g = -3*c - 0*c + q, 2*g - 79 = c. List the prime factors of g.
3, 13
Suppose -20*m = -6*m - 16268. What are the prime factors of m?
2, 7, 83
Let z(c) = 316*c**2 - 2*c + 2. Let y be z(2). Suppose a - y = -5*f + 2*a, 2*f - 3*a = 510. List the prime factors of f.
2, 3, 7
Let x(n) be the first derivative of n**4/12 + n**3/6 + 2*n**2 - n + 7. Let i(g) be the first derivative of x(g). List the prime factors of i(-4).
2
Suppose 2*m - 263 = s + 227, -s = 4. What are the prime factors of m?
3
What are the prime factors of 4/8*2102 - (-1 - -5)?
3, 349
Suppose -h - 3*d - 3 = 0, 2*h - h + d - 1 = 0. Let l = 38 - h. Let g = 80 - l. List the prime factors of g.
3, 5
Let k(m) = m**3 - 32*m**2 - m + 320. List the prime factors of k(34).
2, 3, 433
Let s(x) = -46*x + 34. List the prime factors of s(-21).
2, 5
Suppose 3*s - 4*z + 20 = 0, 6*z - 18 = 4*s + 5*z. List the prime factors of (67 - (0 + 4)) + s.
59
Let m(o) = o**2 + 7*o + 5. Let n be m(-4). Let s = 40 - n. Let z = 74 - s. What are the prime factors of z?
3
Suppose -2*j + 118 = 14. Let w = j - -11. Let k = -34 + w. What are the prime factors of k?
29
Let w(g) = 176*g - 18. List the prime factors of w(6).
2, 3, 173
Suppose 15 = -3*o, 5*a + 3*o + 80 = -200. Let m = -40 - a. List the prime factors of m.
13
Let d = 4514 + -441. List the prime factors of d.
4073
Suppose 482 = 4*r - o, 8*r - 11*r - o = -358. Let z = r + -60. What are the prime factors of z?
2, 3, 5
Suppose -w + 570 + 2243 = 0. What are the prime factors of w?
29, 97
Let z(f) be the second derivative of 7*f**3/6 + 4*f**2 - 7*f. Let o be z(11). Let g = -58 + o. What are the prime factors of g?
3
Suppose -21 + 29 = -4*t. Let b = 6 - t. What are the prime factors of b?
2
Suppose -2*o = 3*o - 615. Suppose 390 = 3*y + o. What are the prime factors of y?
89
Let m = 476 + -253. Suppose 4*p = -79 + m. What are the prime factors of p?
2, 3
Let d be 2/5 - 15444/(-65). Let h = d + -157. List the prime factors of h.
3
Let c = 18 - 15. Suppose 4*n + 268 = 4*y, c*y - 3*n - 272 = -y. What are the prime factors of y?
71
Suppose 168 = -7*q - 0*q. Let c be (q/(-28))/((-3)/(-126)). Let a = -28 + c. List the prime factors of a.
2
Let q(t) be the first derivative of 11*t**2/2 - 21*t - 25. List the prime factors of q(8).
67
Suppose 0 = 2*g + 2*i + 98, -g - 3*g = -4*i + 180. Let x = g - -12. Let l = x + 96. List the prime factors of l.
61
Let q = -465 - -1015. List the prime factors of ((-18)/(-15))/(15/q).
2, 11
Let j(f) = 3*f**3 + 4*f**2 - 16*f - 14. What are the prime factors of j(7)?
7, 157
Suppose 12*l - 9144 = -24*l. What are the prime factors of l?
2, 127
Let q(z) = -z**3 + 6*z**2 + 12*z - 8. Let c(f) = f. Let y(x) = -3*c(x) + q(x). Let j be y(6). Let v = -22 + j. List the prime factors of v.
2, 3
Let t = 1 + 8. Let d be (-4)/(-6) + 12/t. Suppose d*w = w + 8. List the prime factors of w.
2
Let n = 2 + 4. Suppose -2*p = -39 - 69. Let y = n + p. What are the prime factors of y?
2, 3, 5
Let n be (-3)/(-15) + (-14)/(-5). Let a = 46 - n. Let w = a + -10. What are the prime factors of w?
3, 11
Let z(d) = d**3 + 7*d**2 - 2*d - 6. Let c(g) = g**3 + g**2 + g - 7. Let w = -14 + 14. Let n be c(w). What are the prime factors of z(n)?
2
Suppose 3*w - 4130 = -2*x, -5*w - 2043 = -x - w. List the prime factors of x.
29, 71
Suppose -10 = n - 6*n. Let d(t) = -3 - 1 - t**3 + t - 3 + 4*t**n + 8. List the prime factors of d(4).
5
Let o(y) = -y**3 + 7*y**2 + 6*y + 10. Let n be o(7). Suppose -2*a + 3*g = 8*g - 130, a - 4*g - n = 0. List the prime factors of a.
2, 3, 5
Suppose 23 - 27 = 2*d, 4*r + d - 3230 = 0. List the prime factors of r.
2, 101
Suppose -730*o + 738*o = 4352. What are the prime factors of o?
2, 17
Let y(f) = 9*f**2 + f - 31. What are the prime factors of y(5)?
199
List the prime factors of (-1)/18*-8 + (-371560)/(-72).
13, 397
Suppose -107 = -3*u + 61. Suppose 0*p - u = 2*p. What are the prime factors of (-519)/(-21) + (-8)/p?
5
Let g(v) be the second derivative of 2*v**3/3 - 3*v**2/2 - 4*v. Suppose 3*q + 0*h - 5*h = 12, -q - 2*h + 4 = 0. What are the prime factors of g(q)?
13
Let z(u) = u**3 - 7*u**2 - 20*u + 17. List the prime factors of z(10).
3, 13
What are the prime factors of (-106)/53*22*1/(-1)?
2, 11
Let s(g) = -g**2 + 15*g - 11. Let o be s(14). What are the prime factors of ((-6)/(-9) - (16 + o))*-3?
5, 11
Suppose -47*z = -42*z - 940. Suppose 0*n = 2*n - z. List the prime factors of n.
2, 47
Suppose -4*i - 308 = 3*t, 0*t - 2*i - 206 = 2*t. List the prime factors of (-3 + (t - 1/1))*-1.
2, 3
Let u(g) be the third derivative of 2*g**2 - 1/60*g**5 + 0 + 1/24*g**4 + 1/20*g**6 - 1/3*g**3 + 0*g. What are the prime factors of u(2)?
2, 11
Suppose 19*x - 2704 = 6150. List the prime factors of x.
2, 233
Let a(d) = d**3 + 24*d**2 + 26*d + 50. List the prime factors of a(-22).
2, 223
Let l(q) = q + 7 + 3*q - 9*q**2 - 1 + 10*q**2. Let a be l(-6). Let f = -2 + a. What are the prime factors of f?
2
Suppose -2*w - t = -3576, 3*t + t - 3570 = -2*w. List the prime factors of w.
1789
Let c = 1 + -1. Suppose 368 = -c*d + 8*d. What are the prime factors of d?
2, 23
Let d(y) = y**2 - 1. Let i be d(2). Suppose i*r - 5*r - 42 = 0. What are the prime factors of -1*(r - 4/(-2))?
19
Let w(t) be the second derivative of -25*t**3/6 - 17*t**2/2 - 26*t. What are the prime factors of w(-10)?
233
Suppose -12*m + 1679 = -973. What are the prime factors